{"id":850,"date":"2016-04-04T15:23:39","date_gmt":"2016-04-04T15:23:39","guid":{"rendered":"http:\/\/greativefx.com\/arel\/?page_id=850"},"modified":"2019-09-18T06:57:59","modified_gmt":"2019-09-18T06:57:59","slug":"iso14001","status":"publish","type":"page","link":"https:\/\/arelelektrik.com\/tr\/iso14001\/","title":{"rendered":"ISO14001"},"content":{"rendered":"<section class=\"bg-fixed relative vc_row wpb_row vc_custom_1459783017174\"><div class=\"container\"><div class=\"rows\"><div class=\"wpb_column vc_column_container sixteen columns\"><div class=\"\"><div class=\"wpb_wrapper \">\t\r\n\t<div class=\"section-header-text-left\">\r\n\t\t<h4>ISO 14001 Nedir?<b>.<\/b><\/h4>\t\t\t\t<div class=\"line-header\"><\/div>\r\n\t<\/div>\r\n\t<\/div><\/div><\/div><\/div><\/div><\/section><section class=\"bg-fixed relative vc_row wpb_row\"><div class=\"container\"><div class=\"rows\"><div class=\"wpb_column vc_column_container eight columns\"><div class=\"\"><div class=\"wpb_wrapper \">\n\t<div class=\"wpb_text_column wpb_content_element \" >\n\t\t<div class=\"wpb_wrapper\">\n\t\t\t<p>Her ge\u00e7en g\u00fcn daha da k\u00fc\u00e7\u00fclen d\u00fcnyam\u0131z\u0131n kaynaklar\u0131n\u0131n sonsuz olmad\u0131\u011f\u0131, \u00fcr\u00fcn ve faaliyetlerin \u00e7evre etkilerinin yerel ve b\u00f6lgesel kalmay\u0131p, global oldu\u011fu art\u0131k t\u00fcm d\u00fcnyada kabul edilmi\u015ftir. Bu bilin\u00e7 \u00e7evresel etkilerin yasal uygulamalardan ziyade piyasa kuvvetleri ile kontrol edilmesi ihtiyac\u0131n\u0131 da beraberinde getirmi\u015ftir.<\/p>\n<p>ISO 14000 \u00c7evre Y\u00f6netim Sistemi, \u00f6z\u00fcnde do\u011fal kaynak kullan\u0131m\u0131n\u0131n azalt\u0131lmas\u0131, topra\u011fa, suya, havaya verilen zararlar\u0131n minimum d\u00fczeye indirilmesini ama\u00e7layan, risk analizleri taban\u0131nda kurulan bir y\u00f6netim modelidir.<\/p>\n<p>\u00dcr\u00fcn\u00fcn, hammaddeden ba\u015flay\u0131p nihai \u00fcr\u00fcn haline getirilerek m\u00fc\u015fterilere sunulmas\u0131na kadar ge\u00e7en s\u00fcrecin her a\u015famas\u0131nda \u00e7evresel fakt\u00f6rlerin belirlenmesi ve bu fakt\u00f6rlerin gerekli muayeneler ve \u00f6nlemler ile kontrol alt\u0131na al\u0131narak \u00e7evreye verilen zarar\u0131n en aza indirilmesini sa\u011flayan bir istemin kurulmas\u0131n\u0131 tarif eden ve Uluslararas\u0131 Standartlar Organizasyonu taraf\u0131ndan yay\u0131nlanm\u0131\u015f olan standartlar serisidir.<\/p>\n<p>ISO 14000 bir \u00fcr\u00fcn standard\u0131 de\u011fil sistem standard\u0131d\u0131r ve ne \u00fcretildi\u011finden ziyade, nas\u0131l \u00fcretildi\u011fi ile ilgilenir. \u00c7evre performans\u0131n\u0131n izlenmesi ve s\u00fcrekli iyile\u015ftirilmesi temeline dayan\u0131r. \u00c7evre fakt\u00f6rlerine ili\u015fkin olarak ilgili mevzuat ve kanunlar taraf\u0131ndan tan\u0131mlanm\u0131\u015f ko\u015fullara uymay\u0131 \u015fart ko\u015far.<\/p>\n<p>AREL \u00fcretim a\u015famalar\u0131n\u0131n kontrol\u00fc ve en y\u00fcksek seviyede bir standardizasyona ula\u015fmas\u0131 i\u00e7in ISO 14001 belgesi sahibidir. Bu standard\u0131n getirdi\u011fi b\u00fct\u00fcn yakla\u015f\u0131mlara uyarak m\u00fc\u015fterilerinin en iyi sonu\u00e7lar\u0131 almas\u0131n\u0131 destekler.<\/p>\n\n\t\t<\/div>\n\t<\/div>\n<\/div><\/div><\/div><div class=\"wpb_column vc_column_container eight columns\"><div class=\"\"><div class=\"wpb_wrapper \">\n\t<div  class=\"wpb_single_image wpb_content_element vc_align_left\">\n\t\t\n\t\t<figure class=\"wpb_wrapper vc_figure\">\n\t\t\t<div class=\"vc_single_image-wrapper   vc_box_border_grey\"><img width=\"1405\" height=\"1992\" src=\"https:\/\/arelelektrik.com\/wp-content\/uploads\/2016\/04\/ISO140001_Arel_2019.jpg\" class=\"vc_single_image-img attachment-full\" alt=\"\" srcset=\"https:\/\/arelelektrik.com\/wp-content\/uploads\/2016\/04\/ISO140001_Arel_2019.jpg 1405w, https:\/\/arelelektrik.com\/wp-content\/uploads\/2016\/04\/ISO140001_Arel_2019-768x1088.jpg 768w\" sizes=\"(max-width: 1405px) 100vw, 1405px\" \/><\/div>\n\t\t<\/figure>\n\t<\/div>\n\n\t<div  class=\"wpb_single_image wpb_content_element vc_align_left\">\n\t\t\n\t\t<figure class=\"wpb_wrapper vc_figure\">\n\t\t\t<div class=\"vc_single_image-wrapper   vc_box_border_grey\"><img width=\"300\" height=\"424\" src=\"https:\/\/arelelektrik.com\/wp-content\/uploads\/2016\/04\/AREL14001-2.jpg\" class=\"vc_single_image-img attachment-full\" alt=\"\" srcset=\"https:\/\/arelelektrik.com\/wp-content\/uploads\/2016\/04\/AREL14001-2.jpg 300w, https:\/\/arelelektrik.com\/wp-content\/uploads\/2016\/04\/AREL14001-2-768x1085.jpg 768w\" sizes=\"(max-width: 300px) 100vw, 300px\" \/><\/div>\n\t\t<\/figure>\n\t<\/div>\n<\/div><\/div><\/div><\/div><\/div><\/section>\n","protected":false},"excerpt":{"rendered":"ISO 14001 Nedir?. Her ge\u00e7en g\u00fcn daha da k\u00fc\u00e7\u00fclen d\u00fcnyam\u0131z\u0131n kaynaklar\u0131n\u0131n sonsuz olmad\u0131\u011f\u0131, \u00fcr\u00fcn ve faaliyetlerin \u00e7evre etkilerinin yerel ve b\u00f6lgesel kalmay\u0131p, global oldu\u011fu art\u0131k t\u00fcm d\u00fcnyada kabul edilmi\u015ftir. Bu bilin\u00e7 \u00e7evresel etkilerin yasal uygulamalardan ziyade piyasa kuvvetleri ile kontrol edilmesi ihtiyac\u0131n\u0131 da beraberinde getirmi\u015ftir. ISO 14000 \u00c7evre Y\u00f6netim Sistemi, \u00f6z\u00fcnde do\u011fal kaynak kullan\u0131m\u0131n\u0131n azalt\u0131lmas\u0131, [...]","protected":false},"author":1,"featured_media":0,"parent":0,"menu_order":0,"comment_status":"closed","ping_status":"closed","template":"page-templates\/page-fullwidth.php","meta":[],"_links":{"self":[{"href":"https:\/\/arelelektrik.com\/tr\/wp-json\/wp\/v2\/pages\/850"}],"collection":[{"href":"https:\/\/arelelektrik.com\/tr\/wp-json\/wp\/v2\/pages"}],"about":[{"href":"https:\/\/arelelektrik.com\/tr\/wp-json\/wp\/v2\/types\/page"}],"author":[{"embeddable":true,"href":"https:\/\/arelelektrik.com\/tr\/wp-json\/wp\/v2\/users\/1"}],"replies":[{"embeddable":true,"href":"https:\/\/arelelektrik.com\/tr\/wp-json\/wp\/v2\/comments?post=850"}],"version-history":[{"count":0,"href":"https:\/\/arelelektrik.com\/tr\/wp-json\/wp\/v2\/pages\/850\/revisions"}],"wp:attachment":[{"href":"https:\/\/arelelektrik.com\/tr\/wp-json\/wp\/v2\/media?parent=850"}],"curies":[{"name":"wp","href":"https:\/\/api.w.org\/{rel}","templated":true}]}}

<section class="bg-fixed relative vc_row wpb_row vc_custom_1459783017174"><div class="container"><div class="rows"><div class="wpb_column vc_column_container sixteen columns"><div class=""><div class="wpb_wrapper ">	
	<div class="section-header-text-left">
		<h4>ISO 14001 Nedir?<b>.</b></h4>				<div class="line-header"></div>
	</div>
	</div></div></div></div></div></section><section class="bg-fixed relative vc_row wpb_row"><div class="container"><div class="rows"><div class="wpb_column vc_column_container eight columns"><div class=""><div class="wpb_wrapper ">
	<div class="wpb_text_column wpb_content_element " >
		<div class="wpb_wrapper">
			<p>Her geçen gün daha da küçülen dünyamızın kaynaklarının sonsuz olmadığı, ürün ve faaliyetlerin çevre etkilerinin yerel ve bölgesel kalmayıp, global olduğu artık tüm dünyada kabul edilmiştir. Bu bilinç çevresel etkilerin yasal uygulamalardan ziyade piyasa kuvvetleri ile kontrol edilmesi ihtiyacını da beraberinde getirmiştir.</p>
<p>ISO 14000 Çevre Yönetim Sistemi, özünde doğal kaynak kullanımının azaltılması, toprağa, suya, havaya verilen zararların minimum düzeye indirilmesini amaçlayan, risk analizleri tabanında kurulan bir yönetim modelidir.</p>
<p>Ürünün, hammaddeden başlayıp nihai ürün haline getirilerek müşterilere sunulmasına kadar geçen sürecin her aşamasında çevresel faktörlerin belirlenmesi ve bu faktörlerin gerekli muayeneler ve önlemler ile kontrol altına alınarak çevreye verilen zararın en aza indirilmesini sağlayan bir istemin kurulmasını tarif eden ve Uluslararası Standartlar Organizasyonu tarafından yayınlanmış olan standartlar serisidir.</p>
<p>ISO 14000 bir ürün standardı değil sistem standardıdır ve ne üretildiğinden ziyade, nasıl üretildiği ile ilgilenir. Çevre performansının izlenmesi ve sürekli iyileştirilmesi temeline dayanır. Çevre faktörlerine ilişkin olarak ilgili mevzuat ve kanunlar tarafından tanımlanmış koşullara uymayı şart koşar.</p>
<p>AREL üretim aşamalarının kontrolü ve en yüksek seviyede bir standardizasyona ulaşması için ISO 14001 belgesi sahibidir. Bu standardın getirdiği bütün yaklaşımlara uyarak müşterilerinin en iyi sonuçları almasını destekler.</p>

		</div>
	</div>
</div></div></div><div class="wpb_column vc_column_container eight columns"><div class=""><div class="wpb_wrapper ">
	<div  class="wpb_single_image wpb_content_element vc_align_left">
		
		<figure class="wpb_wrapper vc_figure">
			<div class="vc_single_image-wrapper   vc_box_border_grey"><img width="1405" height="1992" src="https://arelelektrik.com/wp-content/uploads/2016/04/ISO140001_Arel_2019.jpg" class="vc_single_image-img attachment-full" alt="" srcset="https://arelelektrik.com/wp-content/uploads/2016/04/ISO140001_Arel_2019.jpg 1405w, https://arelelektrik.com/wp-content/uploads/2016/04/ISO140001_Arel_2019-768x1088.jpg 768w" sizes="(max-width: 1405px) 100vw, 1405px" /></div>
		</figure>
	</div>

	<div  class="wpb_single_image wpb_content_element vc_align_left">
		
		<figure class="wpb_wrapper vc_figure">
			<div class="vc_single_image-wrapper   vc_box_border_grey"><img width="300" height="424" src="https://arelelektrik.com/wp-content/uploads/2016/04/AREL14001-2.jpg" class="vc_single_image-img attachment-full" alt="" srcset="https://arelelektrik.com/wp-content/uploads/2016/04/AREL14001-2.jpg 300w, https://arelelektrik.com/wp-content/uploads/2016/04/AREL14001-2-768x1085.jpg 768w" sizes="(max-width: 300px) 100vw, 300px" /></div>
		</figure>
	</div>
</div></div></div></div></div></section>

ISO 14001 Nedir?. Her geçen gün daha da küçülen dünyamızın kaynaklarının sonsuz olmadığı, ürün ve faaliyetlerin çevre etkilerinin yerel ve bölgesel kalmayıp, global olduğu artık tüm dünyada kabul edilmiştir. Bu bilinç çevresel etkilerin yasal uygulamalardan ziyade piyasa kuvvetleri ile kontrol edilmesi ihtiyacını da beraberinde getirmiştir. ISO 14000 Çevre Yönetim Sistemi, özünde doğal kaynak kullanımının azaltılması, [...]
